 3.
1
Let i = 11 + 17. What is the greatest common factor of i and 308?
28
Suppose 3*p = -4*w + 102, -6*w + 2*w + 34 = p. Let b(l) = -2*l + 4. Let f be b(-6). Suppose 2*r - f = p. Calculate the greatest common factor of r and 10.
5
Let k = 52 - 37. Let m(o) = 44*o**2 + 2*o - 1. Let p be m(1). What is the highest common factor of k and p?
15
Suppose -2*l = 4*g - 92, 0 = -5*l + 4*g - 6*g + 238. Calculate the highest common divisor of 32 and l.
16
Let r be -6*((-1)/3 - 0). Suppose 3*p + 3*s = 4*p + 3, -11 = -5*p + r*s. What is the highest common divisor of 15 and p?
3
Let p(o) = -2*o - 4. Let d be p(-4). Let k = -275 - -276. What is the greatest common divisor of k and d?
1
Suppose -2*l - 2*l = -36. Let g be 5/((-75)/(-243))*5. Calculate the highest common factor of g and l.
9
Suppose -7*h + 2*h = -3*i - 2, 5*i + 3*h = 8. What is the greatest common divisor of 3 and i?
1
Suppose -5*w + 9 + 1 = 0. Let r be 3/3 + 0/w. Suppose -h = -4*f + 5, 5*f + 3*h - 3 = h. What is the highest common factor of r and f?
1
Let u be 4/(-6)*(-18)/4. Suppose 96 = -u*n + n - 4*c, c = -1. Let o = n + 67. Calculate the highest common divisor of 14 and o.
7
Suppose -6*k + 78 = -24. Calculate the highest common factor of 34 and k.
17
Let b(v) = 7*v**3 - 2*v**2 - v + 3. Let g be b(3). Calculate the highest common factor of g and 19.
19
Let c(j) = j + 20. Let u be c(-8). Calculate the greatest common divisor of 60 and u.
12
Let q(i) = 5*i**2 - 2*i - 1. Let j be q(-1). Suppose -11*r + 48 = -9*r. What is the highest common factor of j and r?
6
Let d be (-126)/(-33) + 4/22. Suppose 0 = -d*z + 3*p + 49, z - 5*p + 31 = 3*z. What is the greatest common factor of z and 13?
13
Let s be 192/20 - (-2)/5. Let b be (-3)/(2 + (-23)/s). What is the greatest common factor of b and 15?
5
Suppose 2*a - 22 = -4*h, -5*h + 65 = 2*a + 3*a. Suppose k + 3*x = 138, 3*k - 3*x + 7*x = 434. What is the greatest common factor of k and a?
15
Let g(a) = 4*a - 2. Let u = -12 + 4. Let t = 12 + u. Let j be g(t). What is the greatest common factor of 2 and j?
2
Suppose 9 = -3*k + 57. Suppose -9*z + 699 - 123 = 0. What is the greatest common divisor of k and z?
16
Let a be 6/4*(-6)/9. Let m be a - (6/3 + 4). Let g = m + 27. Calculate the highest common divisor of 5 and g.
5
Let n(c) = -c**3 + 24*c**2 - 24*c + 38. Let q be n(23). Calculate the greatest common divisor of 105 and q.
15
Suppose 14*m = 130 + 850. Let v = -20 - -30. What is the greatest common divisor of v and m?
10
Let j be ((-10)/8)/((-2)/128). Suppose j = -3*f + 8*f. Calculate the highest common divisor of 40 and f.
8
Let r be 113 + -1 + (0 - 0). Let c(n) be the first derivative of n**2/2 + 6*n - 2. Let w be c(8). What is the greatest common divisor of w and r?
14
Let p(t) = t**2 - 8*t + 9. Let d be p(9). Let c be (-24)/(-11) + 2/(-11). What is the highest common factor of c and d?
2
Suppose 26*u - 17 = 25*u. Calculate the greatest common factor of u and 68.
17
Let m(l) = -2*l + 2. Let g be m(-10). Suppose -5*y + 5*n = -130, y - 2*n = g + 8. What is the greatest common factor of y and 55?
11
Suppose 476 = 8*i - 4*i. Let h = 57 + i. Suppose -2*p = -6*p + 64. What is the greatest common divisor of p and h?
16
Suppose 0 = 3*w - 2*b - b - 192, 5*b = -3*w + 160. What is the highest common divisor of 15 and w?
15
Let o(w) = 13*w + 18. Let n be o(6). Calculate the highest common divisor of 16 and n.
16
Let m = -4 - -9. Let f be (m + 0)/(1/2). Calculate the highest common factor of f and 15.
5
Let n(d) = -2*d - 2. Let u be n(-2). Suppose -u*h - 3 = -3*h. Suppose 2*w + 5*v + h - 21 = 0, -v = w - 15. What is the greatest common factor of w and 171?
19
Let b = 33 + -8. Calculate the greatest common divisor of 125 and b.
25
Let f(g) = -2*g**2 - 18*g + 10. Let y be f(-9). What is the greatest common factor of 4 and y?
2
Let m = 1725 + -1097. Suppose 5*d - m + 33 = 0. What is the highest common divisor of d and 17?
17
Suppose -b = -4*q - 3*b + 38, 0 = -3*b - 15. Suppose 4*z - 3*z = q. Suppose 0 = u - 3*u + z. Calculate the greatest common factor of 66 and u.
6
Let c be (1 - 0)*-1*-78. Calculate the greatest common factor of c and 13.
13
Suppose 4*k = 20, -j + 3*k - 2 - 11 = 0. Suppose 0 = -4*v - 78 - j. Let r be (v/15)/(2/(-30)). What is the highest common divisor of 5 and r?
5
Let k(y) = -y**3 + 7*y**2 + 7*y + 11. Let r be k(8). Suppose -3*v - 2*v = 0. Let p = v + r. What is the highest common divisor of 27 and p?
3
Let l(q) = 12*q + 2*q - q - 7 - q**2 + 0*q**2. Let r be l(6). Calculate the highest common divisor of r and 7.
7
Suppose y - 6*y = -10. Suppose -y + 1 = -f. Let i(j) = j. Let w be i(6). Calculate the highest common factor of w and f.
1
Let t(n) = -2*n - 5*n**2 + n**3 - 2 + 5*n + 1. Let s be (-26)/(-6) + (-10)/(-15). Let i be t(s). What is the greatest common factor of 2 and i?
2
Suppose 0 = -3*y + 9*y - 144. What is the highest common factor of y and 8?
8
Let i = 8 + -79. Let p = -39 - i. Suppose -p = 3*f - 5*f. What is the highest common divisor of f and 4?
4
Suppose 2*u - 470 = 14. Calculate the greatest common factor of 22 and u.
22
Let t(q) = q**3 - 5*q**2 + 6*q - 6. Let s be t(4). Let y be ((-4)/(-6))/(2 - 80/45). What is the greatest common factor of s and y?
1
Let h(n) = 4*n. Let g be h(1). Let j = -1 - -5. Suppose 5*x = g*r + 5, -4*x + j*r + 4 = r. Calculate the greatest common divisor of x and 2.
1
Let z = 7 + -3. Suppose z*u - 9 - 16 = -3*v, -5*v - 19 = -2*u. Let a(w) = 8*w**2 - 5*w + 4. Let n be a(1). What is the highest common divisor of n and u?
7
Let p(x) = 2*x - 10. Let z be p(7). What is the highest common factor of z and 36?
4
Let v(i) = -i**3 - 2*i**2 - 2*i. Let b be v(-4). Let k be (2 + -2 + -2)/(-2). Let t be (k + 4)/(4/80). Calculate the highest common divisor of b and t.
20
Let i = -36 + 58. What is the greatest common divisor of i and 198?
22
Let n = -10 + 13. Let a be (-15 - 3 - n)/(-1). Calculate the highest common factor of 7 and a.
7
Suppose f - 19 = 51. Let a(d) = -d - 8. Let j be a(-8). Suppose -3*b - 10 + f = j. Calculate the greatest common divisor of 10 and b.
10
Let q(r) be the first derivative of r**3/3 + 8*r - 1. Let s be q(0). Calculate the highest common factor of s and 72.
8
Let h = -8 - -13. Suppose 0 = -h*j + t - 4*t + 22, t - 14 = -5*j. Suppose 0*o = -j*o + 24. Calculate the highest common factor of 48 and o.
12
Let b = -398 - -787. Let h = b - 263. Let r(s) = -5*s + 178. Let f be r(32). Calculate the highest common factor of f and h.
18
Suppose -24 = -5*q + 6. Calculate the greatest common divisor of q and 30.
6
Let z be 12 - (-2 + 2) - 2/1. What is the highest common factor of z and 40?
10
Let q be 2/(-9) + (-1518)/(-27). Suppose y + 7 = 2*y. Calculate the highest common factor of q and y.
7
Suppose -3*f + 0*f - 2*g + 7 = 0, 4*g + 11 = -f. Suppose -9*b + f*b + 468 = 0. Calculate the highest common factor of 13 and b.
13
Suppose -4*d + 62 = -2*d. What is the greatest common divisor of d and 186?
31
Suppose 33 = 2*u + u. Let m = -39 - -72. Calculate the highest common divisor of u and m.
11
Let y = 45 + 20. Suppose -t = -3*o - y, 4*t - 4*o - 7 - 229 = 0. What is the greatest common divisor of 7 and t?
7
Let i = -2 + -2. Let m = i + 2. Let d be (-1)/m - (-2)/4. Calculate the highest common factor of d and 1.
1
Suppose 4*z - 276 = -100. Let v be (2 + 2)/((-1)/(-1)). Calculate the highest common factor of z and v.
4
Suppose -z + 12 = -0*z + 4*u, 3*u = -9. Suppose 2*t + z = 3*t. Let k = -4 + t. What is the greatest common factor of 220 and k?
20
Let d = 443 + -378. Let l(b) = -12*b + 2. Let y be l(-2). Calculate the greatest common divisor of y and d.
13
Suppose 21 + 21 = 2*h. Calculate the greatest common divisor of 3 and h.
3
Suppose -7*k - 181 = -517. What is the greatest common factor of 12 and k?
12
Let w be 1 - (-1 - -1) - -790. Suppose -5*c = -w - 284. Let b = c - 115. Calculate the highest common divisor of b and 20.
20
Suppose v + 3*v - 510 = -2*b, -v + 138 = 4*b. What is the greatest common factor of v and 21?
21
Let b = 13 + -15. Let x(y) = -5*y + 1. Let i be x(b). Calculate the greatest common divisor of 44 and i.
11
Suppose 0 = -5*j - 3*i + 54, 58 = 5*j + i - 0*i. Calculate the highest common factor of j and 3.
3
Let o(c) = -c + 6. Let z be o(3). Calculate the greatest common factor of 24 and